number?
True
Is 10427894045 composite?
True
Is 3581137867 a prime number?
False
Is 1040815229 a prime number?
False
Is 3007587221 prime?
True
Is 838984943 composite?
False
Is 26408581 composite?
True
Is 650466473 prime?
False
Is 3848602867 a prime number?
True
Is 2782165069 a prime number?
False
Is 29629453673 a composite number?
True
Is 33371797409 a composite number?
False
Is 187533796783 prime?
False
Is 74726444219 composite?
True
Is 693936641 prime?
True
Is 101322098299 a prime number?
False
Is 235735766677 a composite number?
False
Is 882490883 composite?
False
Is 105442621 a prime number?
True
Is 770974221 composite?
True
Is 1165066093 a prime number?
True
Is 21951244043 prime?
False
Is 98654922677 a composite number?
False
Is 246246799741 a prime number?
True
Is 172079741 composite?
False
Is 4148069617 a composite number?
False
Is 27710198723 composite?
False
Is 23391341 prime?
True
Is 17844219565 prime?
False
Is 13094152361 a prime number?
True
Is 97599473 prime?
True
Is 2786736817 composite?
True
Is 1467414017 a composite number?
False
Is 1193748559 a prime number?
False
Is 545670259 composite?
False
Is 46130753 a composite number?
True
Is 10142225411 composite?
False
Is 19298857945 composite?
True
Is 1225405687 a prime number?
False
Is 44640215603 a composite number?
False
Is 43686281863 prime?
False
Is 57526525117 composite?
False
Is 48366357007 a prime number?
True
Is 137099963093 a prime number?
True
Is 64157009199 composite?
True
Is 2991187361 a composite number?
True
Is 158246695093 prime?
False
Is 100230817961 a prime number?
False
Is 2949174643 prime?
True
Is 1060583327 a composite number?
True
Is 2783406643 composite?
True
Is 2376409537 prime?
False
Is 704238163 a composite number?
False
Is 7355435783 a prime number?
True
Is 2010323087 prime?
True
Is 3992198327 a composite number?
True
Is 14566418605 a prime number?
False
Is 11524945009 prime?
False
Is 1048109771 prime?
True
Is 932029789 prime?
True
Is 16226739757 prime?
False
Is 40309685627 a composite number?
True
Is 116304131909 a prime number?
False
Is 474479771 composite?
False
Is 757241887 composite?
True
Is 24050388553 a composite number?
False
Is 2599968773 composite?
False
Is 4144584857 composite?
True
Is 88153630457 a composite number?
False
Is 40490471687 a prime number?
False
Is 164452226853 composite?
True
Is 141856035941 prime?
False
Is 528724423 a composite number?
False
Is 294764317 prime?
False
Is 5939032051 a prime number?
True
Is 3074254429 a prime number?
False
Is 2289284299 prime?
True
Is 4957020239 composite?
False
Is 5298489743 a composite number?
False
Is 1751691001 a composite number?
True
Is 26216101 composite?
False
Is 1276453207 a prime number?
True
Is 951645757 a prime number?
False
Is 1265846713 composite?
False
Is 175469813 prime?
False
Is 3219364867 a prime number?
False
Is 188135088311 a prime number?
False
Is 4406452709 prime?
True
Is 6904561 composite?
False
Is 618097603 a prime number?
False
Is 225565931 a composite number?
False
Is 11780702173 a prime number?
False
Is 169435111 a composite number?
True
Is 130285711421 a composite number?
True
Is 66081225557 prime?
True
Is 19799274967 a composite number?
False
Is 2907848891 a composite number?
False
Is 3074801326 composite?
True
Is 5406376609 prime?
True
Is 522346397 a prime number?
True
Is 73897333681 a prime number?
True
Is 264299579 composite?
False
Is 68979095183 a prime number?
True
Is 942929381 a composite number?
True
Is 8711302807 prime?
True
Is 825711773 prime?
False
Is 18474657631 a prime number?
True
Is 129446750267 a prime number?
False
Is 2055703627 a prime number?
True
Is 38846696729 a prime number?
False
Is 1877502118 prime?
False
Is 5221742261 prime?
False
Is 94986631 a prime number?
True
Is 26491260793 a composite number?
False
Is 17908169 composite?
True
Is 1655582341 prime?
False
Is 37442563181 a prime number?
True
Is 838994147 a prime number?
True
Is 30311677169 a composite number?
False
Is 123360277 a composite number?
False
Is 50514998099 composite?
True
Is 5976400981 a prime number?
True
Is 220945031 prime?
True
Is 5344901197 a composite number?
True
Is 1700548061 a composite number?
True
Is 13838730817 composite?
False
Is 256399907 a composite number?
True
Is 580760501 a composite number?
False
Is 1164155231 composite?
False
Is 55551445063 a composite number?
False
Is 51385116683 a composite number?
True
Is 182487349 composite?
True
Is 276777863 a prime number?
False
Is 12239393879 composite?
True
Is 68120885713 composite?
True
Is 1870548434 prime?
False
Is 131272971149 prime?
False
Is 841239895 prime?
False
Is 5596273031 prime?
False
Is 175620480037 composite?
False
Is 7152891007 prime?
True
Is 6700811419 a composite number?
True
Is 624723719 composite?
True
Is 794692839 a prime number?
False
Is 67504794857 composite?
True
Is 20383117439 a composite number?
False
Is 31167337 a prime number?
False
Is 477443987 a composite number?
True
Is 66092212447 a prime number?
True
Is 6995535803 prime?
True
Is 76105719631 a composite number?
False
Is 401496623 a prime number?
False
Is 1569621133 composite?
False
Is 9605819159 prime?
True
Is 11582863415 a prime number?
False
Is 1063949459 prime?
False
Is 1421512789 a composite number?
False
Is 1028502253 prime?
True
Is 793951063 a prime number?
True
Is 186681571 prime?
False
Is 212528861998 composite?
True
Is 754671919 a prime number?
True
Is 222825881 prime?
False
Is 2287919371 a prime number?
False
Is 454171709 prime?
False
Is 5194629277 composite?
True
Is 1111745623 a prime number?
False
Is 182585941 prime?
False
Is 308240351 composite?
True
Is 1879332839 composite?
True
Is 41606716141 prime?
False
Is 1243833406 prime?
False
Is 14356347403 composite?
True
Is 4284933859 prime?
False
Is 356194607 a prime number?
False
Is 6098693 a composite number?
True
Is 90950381 a composite number?
False
Is 106405216937 a composite number?
False
Is 19048548257 a prime number?
False
Is 1521145061 a prime number?
True
Is 397297441 a composite number?
True
Is 140707697 a composite number?
True
Is 109426805 prime?
False
Is 9668715619 prime?
True
Is 16928255101 a composite number?
False
Is 754004743 a prime number?
False
Is 70948500497 prime?
False
Is 2927676197 composite?
False
Is 2998430957 a composite number?
True
Is 21912930731 composite?
False
Is 106023567517 prime?
False
Is 187623463 a composite number?
False
Is 11325624241 a prime number?
True
Is 369045923 a composite number?
False
Is 3916426213 prime?
False
Is 14486670793 composite?
True
Is 1102984177 a composite number?
False
Is 1837738169 composite?
False
Is 44691013 a composite number?
True
Is 10743371209 prime?
True
Is 28938584347 a prime number?
False
Is 843073333 a prime number?
False
Is 414934226141 a composite number?
False
Is 13826048533 a prime number?
False
Is 265915231 prime?
True
Is 83990241457 composite?
False
Is 1573938661 a composite number?
False
Is 20316120835 a prime number?
False
Is 7160633443 composite?
False
Is 4187943289 a prime number?
True
Is 759810707 composite?
True
Is 31462439413 composite?
True
Is 7608536989 composite?
False
Is 27836532089 composite?
False
Is 2011514191 a composite number?
False
Is 278907919 a composite number?
False
Is 1633057813 prime?
True
Is 26755249013 prime?
False
Is 70663274233 a composite number?
True
Is 3892028809 composite?
False
Is 2026833463 composite?
False
Is 542635031 composite?
False
Is 36560490377 a composite number?
True
Is 1272118537 prime?
True
Is 4604876831 a composite number?
True
Is 470136143 prime?
True
Is 1397174591 a prime number?
True
Is 21292476811 a composite number?
False
Is 4960883329 composite?
True
Is 59974893149 a composite number?
False
Is 46362875063 prime?
False
Is 66845549 prime?
False
Is 1875751077 a prime number?
False
Is 36044099213 prime?
False
Is 201502057 composite?
True
Is 6875693431 a prime number?
True
Is 2347231231 a prime number?
True
Is 1660658579 prime?
True
Is 22175941253 a composite number?
False
Is 739413877 prime?
True
Is 2958100378 a prime number?
False
Is 3805121513 composite?
False
Is 432957359 a prime number?
False
Is 82693335229 composite?
True
Is 30868065427 a composite number?
False
Is 1985020187 composite?
False
Is 11310694349 a composite number?
True
Is 95270489 a prime number